{"id":320,"date":"2025-03-18T12:10:59","date_gmt":"2025-03-18T11:10:59","guid":{"rendered":"http:\/\/localhost:8888\/wordpress\/?page_id=320"},"modified":"2026-02-27T22:18:07","modified_gmt":"2026-02-27T21:18:07","slug":"videos-2","status":"publish","type":"page","link":"https:\/\/axelmonginjournal.fr\/index.php\/videos-2\/","title":{"rendered":"Vid\u00e9os"},"content":{"rendered":"\n<div class=\"wp-block-uagb-separator uagb-block-bc1e785d\"><div class=\"wp-block-uagb-separator__inner\" style=\"--my-background-image:\"><\/div><\/div>\n\n\n\n<div class=\"wp-block-uagb-advanced-heading uagb-block-c76c0cea\"><h1 class=\"uagb-heading-text\"><strong>Vid\u00e9os<\/strong><\/h1><\/div>\n\n\n\n<div class=\"wp-block-uagb-separator uagb-block-6cead77d\"><div class=\"wp-block-uagb-separator__inner\" style=\"--my-background-image:\"><\/div><\/div>\n\n\n\n<div class=\"wp-block-media-text has-media-on-the-right is-stacked-on-mobile\"><div class=\"wp-block-media-text__content\">\n<p class=\"has-text-align-right\">Reportage T\u00e9l\u00e9<br>Brigitte Bardot<\/p>\n\n\n\n<p class=\"has-text-align-right\"><em>2 Janvier 2026<\/em><\/p>\n<\/div><figure class=\"wp-block-media-text__media\"><video controls src=\"https:\/\/axelmonginjournal.fr\/wp-content\/uploads\/2026\/02\/Reportage_M2_Axel_Benoit_Mateo.mp4\"><\/video><\/figure><\/div>\n\n\n\n<div class=\"wp-block-uagb-separator uagb-block-6cead77d\"><div class=\"wp-block-uagb-separator__inner\" style=\"--my-background-image:\"><\/div><\/div>\n\n\n\n<div class=\"wp-block-media-text is-stacked-on-mobile\"><figure class=\"wp-block-media-text__media\"><video controls src=\"https:\/\/axelmonginjournal.fr\/wp-content\/uploads\/2025\/12\/TT.-Final.mp4\"><\/video><\/figure><div class=\"wp-block-media-text__content\">\n<p>Reportage Magazine Radio<br>Le t\u00e9l\u00e9travail <\/p>\n\n\n\n<p><em>30 Octobre 2025<\/em><\/p>\n<\/div><\/div>\n\n\n\n<div class=\"wp-block-uagb-separator uagb-block-e59beb2a\"><div class=\"wp-block-uagb-separator__inner\" style=\"--my-background-image:\"><\/div><\/div>\n\n\n\n<div class=\"wp-block-media-text has-media-on-the-right is-stacked-on-mobile\"><div class=\"wp-block-media-text__content\">\n<p class=\"has-text-align-right\">Reportage tournoi de volley gliss\u00e9<br>Ugsel<\/p>\n\n\n\n<p class=\"has-text-align-right\" style=\"font-size:16px\"><em>23 Juin 2025<\/em><\/p>\n<\/div><figure class=\"wp-block-media-text__media\"><video controls src=\"https:\/\/axelmonginjournal.fr\/wp-content\/uploads\/2025\/07\/Tournoi-de-Volley-glisse.mp4\"><\/video><\/figure><\/div>\n\n\n\n<div class=\"wp-block-uagb-separator uagb-block-304e8587\"><div class=\"wp-block-uagb-separator__inner\" style=\"--my-background-image:\"><\/div><\/div>\n\n\n\n<div class=\"wp-block-uagb-separator uagb-block-c014999c\"><div class=\"wp-block-uagb-separator__inner\" style=\"--my-background-image:\"><\/div><\/div>\n\n\n\n<div class=\"wp-block-media-text is-stacked-on-mobile\"><figure class=\"wp-block-media-text__media\"><video controls src=\"https:\/\/axelmonginjournal.fr\/wp-content\/uploads\/2025\/07\/Axel_Mongin_Video_Securite_FetedelaMusique-1.mp4\"><\/video><\/figure><div class=\"wp-block-media-text__content\">\n<p style=\"font-size:16px\">Reportage F\u00eate de la musique<br>S\u00e9curit\u00e9<\/p>\n\n\n\n<p style=\"font-size:16px\"><em>21 Juin 2025<\/em><\/p>\n<\/div><\/div>\n\n\n\n<div class=\"wp-block-uagb-separator uagb-block-e9123301\"><div class=\"wp-block-uagb-separator__inner\" style=\"--my-background-image:\"><\/div><\/div>\n\n\n\n<div class=\"wp-block-media-text has-media-on-the-right is-stacked-on-mobile\" style=\"grid-template-columns:auto 28%\"><div class=\"wp-block-media-text__content\">\n<p class=\"has-text-align-right\" style=\"font-size:16px\">FaceCam \u00ab Contribuables Associ\u00e9s \u00bb <br>Dette publique fran\u00e7aise<\/p>\n\n\n\n<p class=\"has-text-align-right\" style=\"font-size:16px\"><em>18 Mai 2025<\/em><\/p>\n<\/div><figure class=\"wp-block-media-text__media\"><video controls src=\"https:\/\/axelmonginjournal.fr\/wp-content\/uploads\/2025\/05\/FaceCam-Axel-Mongin-Dette-publique.mp4\"><\/video><\/figure><\/div>\n\n\n\n<div class=\"wp-block-uagb-separator uagb-block-91667200\"><div class=\"wp-block-uagb-separator__inner\" style=\"--my-background-image:\"><\/div><\/div>\n\n\n\n<div class=\"wp-block-media-text is-stacked-on-mobile\" style=\"grid-template-columns:28% auto\"><figure class=\"wp-block-media-text__media\"><video controls src=\"https:\/\/axelmonginjournal.fr\/wp-content\/uploads\/2025\/05\/Microtrottoir-Depenses-publiques.mp4\"><\/video><\/figure><div class=\"wp-block-media-text__content\">\n<p class=\"has-ast-global-color-3-color has-text-color has-link-color has-medium-font-size wp-elements-2657eccbaa191f4cf80dc7a9f1de349f\">Micro-trottoir \u00ab Contribuables Associ\u00e9s \u00bb<br>D\u00e9penses publiques fran\u00e7aises<\/p>\n\n\n\n<p class=\"has-ast-global-color-3-color has-text-color has-link-color wp-elements-5f7b553d6d126525d932e4e5a88bd302\" style=\"font-size:16px\"><em>17 Mai 2025<\/em><\/p>\n<\/div><\/div>\n\n\n\n<div class=\"wp-block-uagb-separator uagb-block-c30dcf98\"><div class=\"wp-block-uagb-separator__inner\" style=\"--my-background-image:\"><\/div><\/div>\n\n\n\n<div class=\"wp-block-media-text has-media-on-the-right is-stacked-on-mobile\"><div class=\"wp-block-media-text__content\">\n<h5 class=\"wp-block-heading has-text-align-right has-ast-global-color-3-color has-text-color has-link-color has-medium-font-size wp-elements-1693fa2c0fade2ed85569d923a9a10ac\">Reportage au Parc de Sceaux <br>Hanami<\/h5>\n\n\n\n<p class=\"has-text-align-right has-ast-global-color-3-color has-text-color has-link-color wp-elements-20699857368b26adb8d684cbd2da813f\" style=\"font-size:16px\"><em>6 Avril 2025<\/em><\/p>\n<\/div><figure class=\"wp-block-media-text__media\"><video controls src=\"https:\/\/axelmonginjournal.fr\/wp-content\/uploads\/2025\/04\/Hanimi-V4.mp4\"><\/video><\/figure><\/div>\n\n\n\n<div class=\"wp-block-uagb-separator uagb-block-e5295bb9\"><div class=\"wp-block-uagb-separator__inner\" style=\"--my-background-image:\"><\/div><\/div>\n\n\n\n<div class=\"wp-block-media-text is-stacked-on-mobile\"><figure class=\"wp-block-media-text__media\"><video controls src=\"https:\/\/axelmonginjournal.fr\/wp-content\/uploads\/2025\/03\/Vendee-Globe.mp4\"><\/video><\/figure><div class=\"wp-block-media-text__content\">\n<h5 class=\"wp-block-heading has-ast-global-color-3-color has-text-color has-link-color has-medium-font-size wp-elements-dfe8d8a6dbd61aa094dcc422e382fa14\">Reportage au mus\u00e9e de la marine <br>Exposition Vend\u00e9e Globe<\/h5>\n\n\n\n<p class=\"has-ast-global-color-3-color has-text-color has-link-color wp-elements-9119f2bff35c5808edcae9b4aa5f3b71\" style=\"font-size:16px\"><em>10 Novembre 2024<\/em><\/p>\n<\/div><\/div>\n\n\n\n<div class=\"wp-block-uagb-separator uagb-block-99011074\"><div class=\"wp-block-uagb-separator__inner\" style=\"--my-background-image:\"><\/div><\/div>\n\n\n\n<div class=\"wp-block-media-text has-media-on-the-right is-stacked-on-mobile\"><div class=\"wp-block-media-text__content\">\n<h5 class=\"wp-block-heading has-text-align-right has-ast-global-color-3-color has-text-color has-link-color has-medium-font-size wp-elements-f0da9f02f1baa51dae1254b986c92f6d\">Interview Paolina Gout<br>Chef de pub chez McCann<\/h5>\n\n\n\n<p class=\"has-text-align-right has-ast-global-color-3-color has-text-color has-link-color wp-elements-a922797a67ae91f2f99d0ee362acee2d\" style=\"font-size:16px\"><em>9 Novembre 2024<\/em><\/p>\n<\/div><figure class=\"wp-block-media-text__media\"><video controls src=\"https:\/\/axelmonginjournal.fr\/wp-content\/uploads\/2025\/03\/Paolina.mp4\"><\/video><\/figure><\/div>\n\n\n\n<div class=\"wp-block-uagb-separator uagb-block-223376dc\"><div class=\"wp-block-uagb-separator__inner\" style=\"--my-background-image:\"><\/div><\/div>\n","protected":false},"excerpt":{"rendered":"<p>Vid\u00e9os Reportage T\u00e9l\u00e9Brigitte Bardot 2 Janvier 2026 Reportage Magazine RadioLe t\u00e9l\u00e9travail 30 Octobre 2025 Reportage tournoi de volley gliss\u00e9Ugsel 23 [&hellip;]<\/p>\n","protected":false},"author":1,"featured_media":0,"parent":0,"menu_order":0,"comment_status":"closed","ping_status":"closed","template":"","meta":{"_uag_custom_page_level_css":"","site-sidebar-layout":"default","site-content-layout":"","ast-site-content-layout":"","site-content-style":"default","site-sidebar-style":"default","ast-global-header-display":"","ast-banner-title-visibility":"","ast-main-header-display":"","ast-hfb-above-header-display":"","ast-hfb-below-header-display":"","ast-hfb-mobile-header-display":"","site-post-title":"disabled","ast-breadcrumbs-content":"","ast-featured-img":"","footer-sml-layout":"","theme-transparent-header-meta":"","adv-header-id-meta":"","stick-header-meta":"","header-above-stick-meta":"","header-main-stick-meta":"","header-below-stick-meta":"","astra-migrate-meta-layouts":"default","ast-page-background-enabled":"default","ast-page-background-meta":{"desktop":{"background-color":"var(--ast-global-color-5)","background-image":"","background-repeat":"repeat","background-position":"center center","background-size":"auto","background-attachment":"scroll","background-type":"","background-media":"","overlay-type":"","overlay-color":"","overlay-opacity":"","overlay-gradient":""},"tablet":{"background-color":"","background-image":"","background-repeat":"repeat","background-position":"center center","background-size":"auto","background-attachment":"scroll","background-type":"","background-media":"","overlay-type":"","overlay-color":"","overlay-opacity":"","overlay-gradient":""},"mobile":{"background-color":"","background-image":"","background-repeat":"repeat","background-position":"center center","background-size":"auto","background-attachment":"scroll","background-type":"","background-media":"","overlay-type":"","overlay-color":"","overlay-opacity":"","overlay-gradient":""}},"ast-content-background-meta":{"desktop":{"background-color":"var(--ast-global-color-4)","background-image":"","background-repeat":"repeat","background-position":"center center","background-size":"auto","background-attachment":"scroll","background-type":"","background-media":"","overlay-type":"","overlay-color":"","overlay-opacity":"","overlay-gradient":""},"tablet":{"background-color":"var(--ast-global-color-4)","background-image":"","background-repeat":"repeat","background-position":"center center","background-size":"auto","background-attachment":"scroll","background-type":"","background-media":"","overlay-type":"","overlay-color":"","overlay-opacity":"","overlay-gradient":""},"mobile":{"background-color":"var(--ast-global-color-4)","background-image":"","background-repeat":"repeat","background-position":"center center","background-size":"auto","background-attachment":"scroll","background-type":"","background-media":"","overlay-type":"","overlay-color":"","overlay-opacity":"","overlay-gradient":""}},"footnotes":""},"class_list":["post-320","page","type-page","status-publish","hentry"],"uagb_featured_image_src":{"full":false,"thumbnail":false,"medium":false,"medium_large":false,"large":false,"1536x1536":false,"2048x2048":false},"uagb_author_info":{"display_name":"axelmongin","author_link":"https:\/\/axelmonginjournal.fr\/index.php\/author\/axelmongin\/"},"uagb_comment_info":0,"uagb_excerpt":"Vid\u00e9os Reportage T\u00e9l\u00e9Brigitte Bardot 2 Janvier 2026 Reportage Magazine RadioLe t\u00e9l\u00e9travail 30 Octobre 2025 Reportage tournoi de volley gliss\u00e9Ugsel 23 [&hellip;]","_links":{"self":[{"href":"https:\/\/axelmonginjournal.fr\/index.php\/wp-json\/wp\/v2\/pages\/320","targetHints":{"allow":["GET"]}}],"collection":[{"href":"https:\/\/axelmonginjournal.fr\/index.php\/wp-json\/wp\/v2\/pages"}],"about":[{"href":"https:\/\/axelmonginjournal.fr\/index.php\/wp-json\/wp\/v2\/types\/page"}],"author":[{"embeddable":true,"href":"https:\/\/axelmonginjournal.fr\/index.php\/wp-json\/wp\/v2\/users\/1"}],"replies":[{"embeddable":true,"href":"https:\/\/axelmonginjournal.fr\/index.php\/wp-json\/wp\/v2\/comments?post=320"}],"version-history":[{"count":17,"href":"https:\/\/axelmonginjournal.fr\/index.php\/wp-json\/wp\/v2\/pages\/320\/revisions"}],"predecessor-version":[{"id":699,"href":"https:\/\/axelmonginjournal.fr\/index.php\/wp-json\/wp\/v2\/pages\/320\/revisions\/699"}],"wp:attachment":[{"href":"https:\/\/axelmonginjournal.fr\/index.php\/wp-json\/wp\/v2\/media?parent=320"}],"curies":[{"name":"wp","href":"https:\/\/api.w.org\/{rel}","templated":true}]}}